0 = 3*r + y - d - 2, -31 = -4*r + 5*y. Suppose 14 = 3*z - r. What is the units digit of z?
6
Suppose -2*n - 4 = -0*n. What is the units digit of (-6 + (n - -4))/(-2)?
2
Let q(j) = 2*j**3 - 3*j**2 + 2*j - 7. What is the hundreds digit of q(5)?
1
Let w(c) = c**3 + 6*c**2 + 5*c + 3. Let u be w(-5). Suppose 0 = j + j - 8. Suppose -j*p + 1 + u = 0. What is the units digit of p?
1
Suppose 3*h = -y + 4*h + 3, y = -2*h. Suppose -3*t - 21 = -l - 4*t, 0 = -y*l + 2*t + 54. What is the units digit of l?
4
Let z(l) = l**2 - 8*l + 3. Let w be z(8). Let y = w - 2. Let i(q) = q**3 + q**2 - q + 1. What is the units digit of i(y)?
2
Let v be (-1190)/(-56) + 1/(-4). Let x = 23 - 10. Suppose v = x*b - 10*b. What is the units digit of b?
7
Let c be 556/24 - 2/12. Let q = c - 10. What is the tens digit of q?
1
Suppose 3*o - 20 = -4*l + 3*l, 5*l + 5*o = 130. What is the units digit of l?
9
Suppose -r = 4*u - 18, 5*u - 75 = -5*r + 2*r. What is the units digit of r?
0
Let r = -278 + 398. What is the hundreds digit of r?
1
Let r(g) = -2*g - 1. Suppose 0 = -4*y - 7 - 5. Let o be r(y). Suppose l - 12 = 2*w, 4*w - 60 = -o*l + w. What is the units digit of l?
2
Suppose -2*y = -5*j - 94, 4*j = j - 12. What is the tens digit of y?
3
Let j be (-27)/2*4/(-3). Suppose -g + j = -6. What is the tens digit of g?
2
Let o(n) = n**2 + 8*n - 4. Let w be o(-9). Suppose -13 = -w*j + 57. Suppose 0 = 5*q + 4*v - 18, -5*q - 5*v + j = -3*v. What is the units digit of q?
2
Suppose -2*r + 4*p + 14 = 0, -5*p - 15 = -3*r + 4. Let x = 23 + 10. Suppose -r*y + 6*y = x. What is the tens digit of y?
1
Suppose 0 = -0*r - 2*r - 8. What is the units digit of 2*1/(r/(-6))?
3
Let v(d) = 12*d - 1. Let z be v(2). Let f be 1/(-2)*2*z. Let h = -14 - f. What is the units digit of h?
9
Let y = -40 + 58. What is the units digit of y?
8
Let o(h) = 2*h - 7. Let w be o(6). Suppose 15 = 3*c + 2*c + w*d, 18 = c - 4*d. What is the units digit of c?
6
Let y(i) = i - 7. Let d be y(0). What is the units digit of (2 + -2 - d) + -3?
4
Suppose -q + 6 = -4*q. What is the tens digit of q/4*4*-11?
2
Let t(k) = -k**2 - 5*k + 7. Let i be t(-6). Let u(d) = -3*d**3 - 1. Let o be u(-1). Suppose i + o = h. What is the units digit of h?
3
Suppose -3*u = 4*z - 65, -2*u - 4*z + 5 = -3*u. What is the units digit of u?
5
Let c be (1/2)/(3/78). Let q(o) = o**3 - 14*o**2 + 14*o - 7. What is the units digit of q(c)?
6
Let w = 15 - 20. Let q(t) = -7*t - 3. What is the units digit of q(w)?
2
Suppose 3*m - m = 20. What is the units digit of m?
0
Suppose i + 2*i - 160 = -k, -5*i - 522 = -3*k. Suppose -k = -5*z - g, 0 = 2*g + 2*g - 16. What is the units digit of z?
3
Suppose -2*u - 5*r = -0*u - 105, -u + 60 = 4*r. What is the units digit of u?
0
Let i = -5 + 8. Let n(s) = s**3 - 3*s**2 + 1. What is the units digit of n(i)?
1
Let n(z) = z - 3. Let x be n(6). Suppose 4 + 20 = x*a. What is the units digit of a?
8
Let j = 2 + -1. Let g(c) = 2*c**2 + 1 - 3*c + 6*c**2 + c. What is the units digit of g(j)?
7
Let z(a) = -a**2 + 25*a + 17. What is the tens digit of z(18)?
4
Let z = 7 - -12. What is the units digit of z?
9
Suppose 24*s = 650 + 166. What is the tens digit of s?
3
Suppose -2*q - 3*t = t - 6, 4*q + t = 33. Let z be (15/q + 0)*3. Suppose -z*c + 60 = -5. What is the units digit of c?
3
Let p = 413 - 293. Suppose k + p = 6*k. What is the units digit of k?
4
Suppose 41 + 55 = 2*b. What is the units digit of b?
8
Let t(c) = 3*c**2 - 2*c + 1. Let m be t(1). Suppose -4*n - 6 = -d, 3*n + 3 = -0*n. Suppose -18 = l - d*l - m*g, -5*l + 50 = 2*g. What is the units digit of l?
8
Let w(b) = b**3 - 2*b**2 - 6*b + 1. What is the units digit of w(7)?
4
Suppose 2*v - 8*v + 12 = 0. Suppose 30 = v*n - 36. What is the units digit of n?
3
Suppose -5*c - 65 = 5*v, 11 = -v - 3*c - 2. Let t = v + 7. What is the units digit of (2/t)/(2/(-18))?
3
Let j(p) = -3*p**3 - 7*p**2 - 5*p - 2. Let t be j(-4). What is the tens digit of (-5)/20 - t/(-8)?
1
Let a be ((-2)/5)/(2/(-20)). Let z be (2 - (-1)/1) + 21 + -14. Suppose -3*b = i + z, -a = -2*i + b + 11. What is the units digit of i?
5
Let o(f) = f**3 - 10*f**2 + 8*f + 12. Let z be o(9). Suppose 0*k = k + 2*l - 1, -z*l = -3*k + 30. Let h(p) = p + 2. What is the units digit of h(k)?
9
What is the units digit of (-12410)/(-70) + 4/(-14)?
7
Let l = -25 - -27. What is the units digit of l?
2
Let z(w) = 3*w - 6. Let f = 1 + 5. What is the tens digit of z(f)?
1
Suppose h - 2*h = -7. What is the units digit of h?
7
Suppose -h + 5*h - 132 = 0. What is the tens digit of h?
3
Let u(s) = 3*s - 7. Let q be u(5). Let f be ((-20)/(-25))/((-2)/(-5)). Suppose 2*a - 4*r = a + q, r - 7 = -f*a. What is the units digit of a?
4
Let i(m) = -2 + m - 1 + 6 + 4. What is the units digit of i(6)?
3
Let k(z) be the first derivative of 4*z**3/3 - 3*z**2/2 - 3*z + 2. What is the units digit of k(3)?
4
Let m = 122 - 49. What is the tens digit of m?
7
Let z(c) = 16*c**2 - c + 3. What is the units digit of z(-2)?
9
Let p(m) = -m**2 - 7*m - 1. Let h be p(-6). Suppose 3*s - 4 = h. Suppose -2*q + 3 = -s. What is the units digit of q?
3
Suppose i - 276 = -3*i. What is the units digit of i/9 + 2/6?
8
Let r = -4 - -8. Let q be ((-8)/r)/(2/(-3)). What is the units digit of q/(-2)*(-24)/18?
2
Suppose -3*d = -2*d - 19. What is the tens digit of d?
1
Suppose 15 = -2*b + 39. What is the units digit of (-4 - -2) + b + -1?
9
Let h = -109 - -196. What is the units digit of h?
7
Let p be (3 - 1)*(-231)/14. Let j = p - -51. What is the units digit of j?
8
Suppose w - 32 = 27. What is the tens digit of w?
5
Let c(t) = t**2 - 11*t - 10. Let o be c(12). What is the units digit of (9 - 10) + 8/o?
3
Suppose -5*n = -2*n - 3*d - 66, -n + 16 = 2*d. Suppose -11 = -2*z + u + 2*u, n = 4*u. Suppose 2*i - m - 10 = 2, -z = -i + 4*m. What is the units digit of i?
5
Suppose 0*b = -5*b + 4*o + 16, 3*o = 5*b - 12. Suppose b = g - 0*g. Let x(c) = c + 3. What is the units digit of x(g)?
3
Let g(s) = -s**2 + 3*s - 2. Let m be g(6). Let n(t) = t**3 - 9*t**2 - 5*t + 12. Let d be n(9). Let i = m - d. What is the tens digit of i?
1
Suppose -3*l + q + 91 = 0, 0 = l + 3*l - q - 120. What is the units digit of l?
9
Let l = 67 + -31. What is the units digit of l?
6
Suppose -6*u + u = 3*a - 18, -4*a - 2*u + 10 = 0. Let m be (-1 + 26 - a) + 1. Suppose -4*y = y - m. What is the units digit of y?
5
Let v = -134 - -247. What is the units digit of v?
3
Let z = 43 - 26. Suppose b - 54 = -z. What is the tens digit of b?
3
Let m(v) = v**2 + 6*v + 7. Let c be m(5). Let w = 114 - c. What is the tens digit of w?
5
Suppose 5*h = 2 - 12. Let z = 10 - h. What is the tens digit of z?
1
What is the tens digit of (7/2)/((-2)/(-20))?
3
Let r be 24/(-10)*(-5)/1. What is the units digit of 0 + (3 - 3) + r?
2
Suppose 5*b - b - 12 = 0. Let r = b - -1. What is the units digit of r?
4
Suppose -2*o + 5*d + 33 = o, 3*o = -3*d + 9. Let b be o/15 + (-69)/(-15). Suppose -5 - 10 = -b*s. What is the units digit of s?
3
Let i(k) = k**3 - 7*k**2 + 4*k + 14. What is the units digit of i(6)?
2
Let o be 34/119 + (-600)/(-7). Suppose 21*z + o = 23*z. What is the tens digit of z?
4
Let j(f) = -f + 14. Let g be j(9). What is the units digit of (-8 + g)*4/(-6)?
2
Suppose 5*c = 3*c + 72. Suppose l - c = k, -144 = -l - 3*l + 2*k. What is the tens digit of l?
3
Let f = 20 + 26. What is the units digit of f?
6
Let h be -6*25/(-15) - -3. Suppose 6*r = r - 2*s + 13, 0 = -4*r - 3*s + 9. Suppose -h = -5*b - r. What is the units digit of b?
2
Suppose -2*r - h = 3*h - 78, 4*r = -2*h + 132. What is the tens digit of r?
3
Suppose o + 15 = 6*o. Let u = o + 7. What is the tens digit of u?
1
Suppose -5*a - l + 820 = -0*l, 4*a + 2*l = 650. What is the hundreds digit of a?
1
Let b(c) be the first derivative of -c**4/4 - c**3 - 3*c**2/2 + c + 2. Let h be b(-3). What is the tens digit of (3/3)/1*h?
1
Let d(j) = -j**2 - 5*j + 6. Suppose 0 = -3*g + 12, 3*x + g = -0 - 11. What is the units digit of d(x)?
6
Let x be (0 + 2)/((-2)/4). Let b(q) = -q**2 - 6*q - 1. What is the units digit of b(x)?
7
Let g(o) = 23*o**3 + o**2 - o + 1. What is the units digit of g(1)?
4
Let z(v) = -7*v**3 + 2*v**2 + 2*v + 1. Let u = -8 - -7. What is the units digit of z(u)?
8
Suppose 4*r - 7 = -3*r. What is the units digit of r?
1
Suppose -2*t + 3*t - 10 = 0. Let v(p) = -p**2 + 1